**3 + 7*w**2 + w - 8. What is r(7)?
-1
Let x(g) = -13*g**2 + 3*g + 2. What is x(-2)?
-56
Let l(p) = 221*p - 1543. Determine l(7).
4
Let f(m) = -3*m - 6. Calculate f(-6).
12
Let z(u) = 2*u - 20. Give z(10).
0
Let i(o) = o**2 + 27*o + 95. Calculate i(-22).
-15
Let h(k) = -10*k - 404. Calculate h(-39).
-14
Let k(o) = -o**2 - 9*o - 11. What is k(-5)?
9
Let w(f) = f**2 - 21*f - 18. Determine w(21).
-18
Let r(i) = 4*i**2 + i. Calculate r(1).
5
Let n(f) = f - 7. Calculate n(2).
-5
Let t(k) = k**3 + 12*k**2 + 9*k - 1. Determine t(-11).
21
Let k(s) = -2*s**2 - 11*s + 140. Determine k(6).
2
Let x(q) = -q**3 - 12*q**2 + 2*q + 30. Determine x(-12).
6
Let q(v) = 2*v - 25. What is q(21)?
17
Let a(k) = -3*k**3 + 9*k**2 + 4*k - 1. Determine a(4).
-33
Let y(j) = 5*j + 60. What is y(-16)?
-20
Let g(r) = -8*r + 1. Determine g(-2).
17
Let u(g) = 5*g - 90. Give u(17).
-5
Let m(r) = 6*r**2 + r + 2. Determine m(-1).
7
Let a(q) = -15*q**2 + 2. Calculate a(-2).
-58
Let b(p) = -p**2 - 37*p - 327. What is b(-22)?
3
Let n(d) = -d**3 + 5*d**2 + 6*d + 6. What is n(5)?
36
Let z(r) = r**2 + 22*r - 35. Give z(-22).
-35
Let t(z) = -2*z**2 + 5*z + 1. Calculate t(4).
-11
Let y(r) = -3*r**2 + 2*r - 3. Calculate y(2).
-11
Let n(t) = -t**3 - 35*t**2 + 36*t - 27. Give n(-36).
-27
Let k(x) = x**2 - 16*x + 33. Give k(13).
-6
Let z(o) = -8*o - 192. What is z(-23)?
-8
Let m(j) = j**2 - j - 23. Calculate m(10).
67
Let g(a) = -a**3 + 2*a**2 - a + 11. Determine g(0).
11
Let w(z) = z**3 + 32*z**2 + z + 57. Calculate w(-32).
25
Let u(b) = b + 34. What is u(8)?
42
Let x(m) = -3*m**2 - 9*m - 2. Determine x(-6).
-56
Let f(b) = b + 17. Give f(-7).
10
Let p(f) = f**3 + 4*f**2 - 1. Determine p(-5).
-26
Let k(l) = l**3 + 7*l**2 + l + 15. Give k(-7).
8
Let m(l) = l**2 - 7*l - 15. Determine m(9).
3
Let h(m) = m**3 + 32*m**2 - 64*m + 124. Give h(-34).
-12
Let r(m) = 2*m**2 - 4. Determine r(-3).
14
Let h(z) = -z**3 + 7*z**2 - 8*z + 13. Calculate h(5).
23
Let i(a) = 20*a**2 + 2*a - 2. Determine i(2).
82
Let w(h) = h**2 + 41*h + 367. Give w(-27).
-11
Let y(g) = g**2 + 5*g - 11. Give y(-8).
13
Let c(x) = -8*x + 46. What is c(7)?
-10
Let w(h) = -h**3 + 9*h**2 + 6*h - 53. Calculate w(9).
1
Let g(y) = -y**3 - 7*y**2 + y - 13. What is g(-8)?
43
Let v(w) = -w - 1. Calculate v(-22).
21
Let s(d) = -23*d - 1. Calculate s(-2).
45
Let c(m) = m. Calculate c(3).
3
Let l(m) = -15*m + 130. Calculate l(8).
10
Let j(b) = -3*b - 7. Give j(-6).
11
Let v(s) = s - 1. Determine v(7).
6
Let x(l) = -l**3 - 3*l**2 + 2*l + 13. Calculate x(-4).
21
Let w(g) = -16*g - 5. Determine w(4).
-69
Let n(f) = -f**3 + 4*f**2 + 4*f + 1. Give n(-3).
52
Let f(t) = t**3 - 2*t**2 - 22*t + 32. What is f(5)?
-3
Let a(h) = 2*h**2 + 7*h + 1. Calculate a(-4).
5
Let m(s) = -4*s**3 - s**2 - 3*s. Give m(2).
-42
Let h(l) = 2*l**2 - 8*l + 5. Give h(5).
15
Let z(k) = -k**2 + 25*k + 93. Give z(26).
67
Let q(o) = o + 7. What is q(-5)?
2
Let j(m) = m**3 + 11*m**2 + 8*m - 2. What is j(-10)?
18
Let l(h) = -4*h + 113. Give l(30).
-7
Let n(a) = -32*a - 121. Calculate n(-4).
7
Let y(s) = -2*s**3 - 6*s**2 - 3*s + 6. Give y(-5).
121
Let w(h) = -7*h - 168. Determine w(-23).
-7
Let r(v) = -7*v + 192. Determine r(26).
10
Let z(v) = -v**3 + 8*v**2 - 11*v + 12. Determine z(6).
18
Let f(t) = 2*t**3 + t**2 - 6*t - 6. Determine f(-3).
-33
Let x(l) = -64*l - 380. Give x(-6).
4
Let z(o) = -o**3 + o**2 + 4*o + 1. What is z(-3)?
25
Let h(j) = 2*j**2 - 20*j + 4. Determine h(10).
4
Let i(z) = 10*z**3 + 2*z**2 - 5*z + 4. Give i(1).
11
Let g(a) = 2*a + 4. Determine g(-16).
-28
Let x(p) = p - 2. Determine x(1).
-1
Let q(l) = -3*l**3 - 8*l**2 + l + 17. Determine q(-4).
77
Let c(s) = 2*s + 23. Determine c(2).
27
Let y(x) = -2*x - 24. Determine y(-13).
2
Let t(q) = -8*q - 5. Give t(1).
-13
Let z(j) = -j. What is z(0)?
0
Let b(p) = -28*p**2 + p + 1. What is b(1)?
-26
Let v(j) = 2*j**3 - 8*j**2 + 3*j + 4. Determine v(5).
69
Let u(b) = b**3 + 10*b**2 + 10*b + 11. Calculate u(-8).
59
Let h(b) = -5*b. What is h(1)?
-5
Let z(y) = -y - 1. Give z(4).
-5
Let q(m) = 27*m - 77. Determine q(3).
4
Let y(j) = j**2 - 9*j - 2. Give y(8).
-10
Let b(x) = -12*x + 105. Calculate b(9).
-3
Let a(u) = 2*u - 2. Determine a(3).
4
Let f(m) = -m - 16. Determine f(-13).
-3
Let d(m) = -m**2 - 21*m - 53. Give d(-18).
1
Let y(f) = -3*f + 3. Calculate y(18).
-51
Let u(q) = q**2 - 11*q + 17. Determine u(2).
-1
Let n(s) = 6*s**2 - 14*s - 43. Calculate n(4).
-3
Let x(t) = 25*t**2 + t + 1. Determine x(-1).
25
Let i(k) = -k**3 + 3*k**2 - 2*k - 3. What is i(-3)?
57
Let s(y) = y - 15. What is s(12)?
-3
Let l(o) = -o**3 + 5*o + 8. Give l(-2).
6
Let g(x) = x**3 + 2*x**2 + 2*x - 1. What is g(0)?
-1
Let f(w) = -w - 14. Determine f(-4).
-10
Let t(a) = -5*a + 75. Determine t(13).
10
Let o(y) = -2*y**3 + 3*y - 2. Determine o(2).
-12
Let g(v) = -v**3 - 12*v**2 - 3*v - 28. Give g(-12).
8
Let j(t) = t**3 + t**2 - 13*t - 26. What is j(-4)?
-22
Let d(i) = -i**2 + 8*i - 1. Determine d(6).
11
Let v(w) = 13*w**2 + 442*w - 8. What is v(-34)?
-8
Let m(g) = -11*g - 123. Give m(-11).
-2
Let j(v) = v - 10. Calculate j(-8).
-18
Let b(u) = 3*u**2 - 6*u - 2. Calculate b(-1).
7
Let y(m) = -12*m - 32. Give y(-6).
40
Let j(u) = -u**2 + 11. Calculate j(-6).
-25
Let x(i) = 2*i + 7. Calculate x(4).
15
Let h(p) = -98*p + 304. What is h(3)?
10
Let a(d) = 5*d**2 - 4*d - 1. Calculate a(-1).
8
Let c(y) = 3*y**2 - 2*y + 1. What is c(1)?
2
Let d(t) = t**3 + 5*t**2 - 17*t + 4. What is d(-8)?
-52
Let u(y) = 11*y**2 - 45*y. Calculate u(4).
-4
Let v(q) = -q**3 - 7*q**2 - 4*q - 16. Give v(-7).
12
Let f(d) = -4*d + 65. Determine f(18).
-7
Let z(x) = x**3 + 4*x**2 - x + 7. Determine z(-5).
-13
Let s(q) = q**3 - 14*q**2 - 50*q - 30. What is s(17)?
-13
Let k(v) = v**3 - 5*v**2 + 27*v - 90. What is k(4)?
2
Let u(l) = -l**3 + 4*l**2 + 7*l + 12. Calculate u(5).
22
Let y(k) = k**2 + 11*k + 15. Calculate y(-11).
15
Let d(q) = 5*q**2 - 3*q + 4. What is d(3)?
40
Let g(s) = -s**3 + 4*s**2 + 5*s + 3. What is g(4)?
23
Let c(u) = u**2 + 3*u - 12. Calculate c(0).
-12
Let f(c) = 4*c + 14. What is f(6)?
38
Let n(a) = -a + 17. Give n(-12).
29
Let j(s) = 91*s + 373. Calculate j(-4).
9
Let v(u) = -162*u + 647. What is v(4)?
-1
Let w(i) = i**2 - 17*i + 59. Determine w(8).
-13
Let z(t) = -3*t**2 + 16*t + 10. Determine z(6).
-2
Let l(v) = 9*v**2 - 6*v - 9. What is l(-1)?
6
Let m(o) = -2*o - 6. What is m(3)?
-12
Let m(g) = -g**2 - 13*g - 25. Give m(-11).
-3
Let k(b) = b**2 - 10*b + 8. Give k(9).
-1
Let g(n) = -n**3 - 47*n**2 - 53*n - 309. Determine g(-46).
13
Let a(q) = -q**2 - 12*q + 543. Determine a(18).
3
Let q(m) = m**2. Give q(5).
25
Let j(w) = -6*w + 9. What is j(5)?
-21
Let b(u) = -u + 6. Determine b(2).
4
Let i(s) = -s**3 - 8*s**2 - 5*s - 5. What is i(-7)?
-19
Let l(a) = -2*a**2 - 29*a + 7. Give l(-13).
46
Let i(c) = -35*c + 213. What is i(6)?
3
Let p(h) = -7*h - 6. Give p(-8).
50
Let y(n) = n**2 + 2*n - 6. Give y(-7).
29
Let y(x) = -x + 1. Determine y(13).
-12
Let u(b) = 7*b - 31. Determine u(16).
81
Let z(p) = p**2 + 16*p + 52. Determine z(-11).
-3
Let z(r) = r - 29. Give z(12).
-17
Let o(j) = j**3 - 14*j**2 - 15*j + 8. What is o(15)?
8
Let b(d) = -2*d**2 + 7. Determine b(3).
-11
Let i(j) = j**3 - 14*j**2 + 4*j - 57. Give i(14).
-1
Let d(g) = -2*g**2 - 39*g + 44. Calculate d(-21).
-19
Let p(q) = q**2 + 44*q - 605. Determine p(11).
0
Let s(w) = -3*w**2 + 30*w - 78. Calculate s(6).
-6
Let y(v) = 3*v**3 - v**2 - v - 1. Calculate y(-1).
-4
Let f(k) = -2*k**3 - k**2 + 10*k - 2. Give f(3).
-35
Let w(q) = -q**2 - q - 1. Calculate w(2).
-7
Let f(c) = -209*c + 632. Give f(3).
5
Let z(y) = -y**3 - 6*y**2 - 3*y + 6. What is z(-5)?
-4
Let y(t) = -t**2 - 15*t - 72. What is y(-6)?
-18
Let a(k) = k**3 + 14*k**2 - 1. Determine a(-14).
-1
Let g(j) = -7*j - 41. Give g(-8).
15
Let s(n) = 19*n - 149. Give s(10).
41
Let b(c) = -2*c**2 + 9*c. What is b(6)?
-18
Let m(l) = -l**3 + 19*l**2 + 42*l + 1. Calculate m(21).
1
Let k(f) = 3*f + 64. What is k(-12)?
28
Let v(t) = 5*t**3 - t**2 + 19*t + 19. Give v(-1).
-6
Let h(x) = 12*x**2 - 4*x. Calculate h(2).
40
Let r(q) = -q**3 - 2*q**2 + 3*q - 1. What is r(2)?
-11
Let t(h) = 2*h**3 + 16*h**2 + 16*h + 15. Give t(-7).
1
Let j(n) = -n**3 - 8*n**2 + 12*n + 6. Give j(-10).
86
Let g(t) = -10*t + 62. Determine g(13).
-68
Let x(a) = a**3 - 7*a**2 + 4*a + 6. What